b - 1/3*b**3. What is the units digit of c(-5)?
4
Suppose -2*h + 15 + 13 = -5*a, h = a + 20. Suppose 0 = 4*z + 36 + h. Let t(b) = b**2 + 12*b + 3. What is the units digit of t(z)?
8
Let l = 16706 - 4590. What is the thousands digit of l?
2
Let o be 8/((-48)/(-30)) - (0 - 175). Let h = -7 + 7. Suppose 399 = -h*p + 4*p - 5*z, o = 2*p + 4*z. What is the units digit of p?
6
Suppose 2*q + 2*q - 20 = p, -3*q = -3*p - 15. Suppose -q*v + 188 = 68. Let h = v - -68. What is the tens digit of h?
9
Let f(q) = 2*q**3 - 99*q**2 - 22*q + 87. Let r(b) = -7*b - 6. Let k be r(-8). What is the hundreds digit of f(k)?
4
Let p(q) be the first derivative of 10*q**3/3 - 3*q**2/2 - 5*q + 59. Let v be (-2)/((-16)/(-6) - 2). What is the tens digit of p(v)?
9
Suppose -c - 3*c + 224 = 0. Let n = c + 144. What is the units digit of n?
0
Let j = 23570 + -6915. What is the ten thousands digit of j?
1
Let k be 4 + 28/(-8) + (-1701)/(-2). Suppose d - 5*p = 472, 4*p - 1451 = -5*d + k. What is the tens digit of d?
6
Let u = -10863 - -12362. What is the tens digit of u?
9
Suppose -h + 37 - 35 = 0. Suppose -3*v - 169 = -h*w + 213, 5*v + 637 = 3*w. Let l = 275 + v. What is the units digit of l?
7
What is the ten thousands digit of ((-4051)/(-4))/((-418)/(-32) + 936/(-72))?
1
Suppose -10*y - 3 = 17. What is the units digit of (y - -357) + (-20 - -19)?
4
Suppose -42200 = 3*i - 5*v - 140130, -2*i - 9*v + 65373 = 0. What is the units digit of i?
5
Let u(w) = w**2 - 4*w + 571. Let a(k) = k**2 + k - 30. Let d be a(5). What is the units digit of u(d)?
1
Let i(k) = 7*k - 38. Suppose 2*m - 4*p - 76 = -20, -p = 4. Let f be i(m). Let t = 237 - f. What is the hundreds digit of t?
1
What is the tens digit of (17222/3 - (-8)/24) + -1?
4
Let y be 15 + -4 - 1/1. Suppose -1418 = -12*s + y*s. Suppose 5*v = -4*m + 2*m + s, m + 421 = 3*v. What is the units digit of v?
1
Let f(l) = l**3 - 8*l**2 - 146*l + 402. What is the thousands digit of f(40)?
5
Suppose -34*t = -29*t + 20. Let d be ((-22)/t)/((6/4)/3). Suppose 4*n = 4, 0 = r - 4*n - d - 14. What is the tens digit of r?
2
Let t(d) = -7*d**3 - d**2 - 3*d - 1. Let h be t(-1). Let g(c) = -c**2 + 8*c + 2. Let o be g(h). Suppose o*b + 24 - 98 = 0. What is the tens digit of b?
3
Let v(j) = j**3 - 18*j**2 - 20*j + 9. Suppose 3*s - 84 = -27. Let m be v(s). Let i(d) = -8*d + 19. What is the units digit of i(m)?
9
Let w = -353 + 346. Let h(i) be the second derivative of -11*i**3/3 - 57*i**2/2 - i. What is the tens digit of h(w)?
9
Let j be (2 - -2)*(-2 + 2 - -1). Suppose -2*a = -3*x - 1092, j*x - 909 = 4*a - 3085. Suppose 8*y - a = -2*y. What is the units digit of y?
4
Let p = 19351 - 6210. What is the tens digit of p?
4
Let d be ((-16)/(-12))/(8/36). Suppose -y = d*y - 294. What is the units digit of y?
2
Suppose 4*z + 4*z = 26*z - 4986. What is the tens digit of z?
7
Suppose 74*p = 109562 + 391048. What is the tens digit of p?
6
Suppose -26*o + 273 = -23*o. Suppose o*z = 75*z + 2672. What is the tens digit of z?
6
Let u(k) = -k**2 - 3*k + 20. Let l(c) = 2*c**2 + 5*c - 41. Let a(q) = -2*l(q) - 5*u(q). Let t be a(-7). What is the units digit of t + (4/10)/((-10)/(-350))?
0
Let r be (44/55)/((-1)/(-5)). Suppose -3*z - 812 = -r*v, -4*v - 7*z + 812 = -5*z. What is the units digit of v?
3
Let q = 89533 + -26155. What is the units digit of q?
8
Let x = 9 + -6. Let c = 37 - -131. Suppose x*j - 225 - c = 0. What is the hundreds digit of j?
1
What is the tens digit of (-1)/(56/21 - 3) + 9819?
2
Let o(r) be the first derivative of -23*r**2/2 - 24*r + 64. What is the hundreds digit of o(-8)?
1
Let j(s) be the second derivative of -2*s**3/3 - 25*s**2/2 + 37*s. Let y be j(-4). Let i = y - -215. What is the hundreds digit of i?
2
Suppose 5*c - 108040 = -u - 38949, 0 = 3*u - 18. What is the ten thousands digit of c?
1
Let i(p) = 8*p - 20. Let o(b) = -b**3 - 2*b**2 - 2*b + 1. Suppose 8*z - 10*z - 4 = 0. Let u be o(z). What is the units digit of i(u)?
0
Suppose -3*r - 286 - 983 = -3*v, 4*r = -4*v - 1732. Let j = r + 481. What is the tens digit of j?
5
Let k(l) = 588*l - 2. Let h be k(1). Let f = -314 + h. What is the tens digit of f?
7
Let s(w) = -w**2 + 6*w + 31. Let c(v) = 7*v**2 + 2*v. Let g be c(1). Let q be s(g). Suppose -4*u + t = -t - 510, -4*u + 508 = -q*t. What is the tens digit of u?
2
Let o be (((-15)/25)/(3/15))/1. Let p = o - 21. What is the hundreds digit of (900/(-8))/(18/p)?
1
Let c(q) = 317*q**3 - 6*q**2 + 25*q - 56. What is the units digit of c(3)?
4
Suppose 8*b = 11*b - 4572. Let x = b + -980. Suppose c = 3*d + 194, -4*c + x = 5*d - 249. What is the tens digit of c?
9
What is the units digit of (-15)/(-5) - (-5 + 9 + -434)?
3
Let y(b) = 3*b - 62. Let u be y(21). Let i(a) = 185*a**2 - 2*a + 5. Let n(m) = 1. Let q(g) = u*i(g) - 5*n(g). What is the tens digit of q(1)?
8
Let j(q) = 2*q**2 - 38*q + 27. Let b be j(19). Let z be (-20)/(-6)*b/18. Suppose -t + 59 = -z*x, 5*t + 5*x = 278 + 107. What is the units digit of t?
4
Suppose 0 = -2*q - 0*p + 5*p - 24, -2*p = -8. Let j be q - (-4)/((-16)/(-20)). Suppose -o + 14 = 5*l, -5*o + 11 + 15 = j*l. What is the units digit of o?
4
Let b = -43234 + 61488. What is the tens digit of b?
5
Suppose -9 = 5*u + v, 7 = -u + 4*v + 1. Let q(s) = 14*s - 57*s + 9 + 0 - 1. What is the tens digit of q(u)?
9
Let g be (-3)/(-2)*-6 + 8. Let d(w) = w - 2. Let p be d(-3). What is the tens digit of 4704/80 + g/p?
5
Let y(f) = 13*f - 377. Let r be y(30). Let t(c) = -2*c + 2 + 7*c + 2. What is the tens digit of t(r)?
6
Suppose -5*f - 15 - 7 = 2*d, -4*f + 33 = -3*d. Let y(v) = -v**2 - 23*v - 118. What is the tens digit of y(d)?
1
What is the thousands digit of (-37)/((-2109)/86792) - (4/(-3))/4?
1
Suppose -9*l = -8*l - 5. Suppose -o + 1909 = u, 0 = l*u + 5*o - 4*o - 9533. What is the thousands digit of u?
1
Suppose 11*c - 8*c + r - 11249 = 0, -20 = 5*r. What is the hundreds digit of c?
7
Let j be (-399)/27 + 4/(-18). Let f(d) = -d**2. Let p(x) = -8*x**2 - 35*x + 1. Let v(k) = -6*f(k) + p(k). What is the units digit of v(j)?
6
What is the thousands digit of (3/(-6))/(4/(-88)) - -56198?
6
Let q(k) = 4305*k + 1696. What is the thousands digit of q(17)?
4
Let q be (50 - -1) + 1 + -4. Let n be (q/(-20))/((-8)/(-20)). What is the tens digit of (81 - (5 + n)) + 2*1?
8
Suppose -3*u - 5*g + 15670 = 0, 45*g - 42*g = -u + 5218. What is the hundreds digit of u?
2
Let b(j) = -j**3 - 13*j**2 - 6. Let x be b(-13). Let d(o) = -o**3 - 6*o**2 - o - 6. Let q be d(x). Let g(c) = -2*c + 123. What is the tens digit of g(q)?
2
Suppose -6*c + 2 = -4*c. Let d be 2 + c - 3 - (-2 - 4). What is the tens digit of 33*d + 4/(-4)?
9
Let t(z) = 3*z**2 + 29*z + 3. Let p be t(-9). What is the units digit of (10/((-50)/p))/((-1)/(-87))?
1
Let d be 618/10 + (-92)/115. Suppose -3*q + d = -269. What is the tens digit of q?
1
Let h(g) = 1636*g + 162. What is the thousands digit of h(5)?
8
Suppose 5*n = -0*n + 225. Let i be n/(-60)*52/1. Let p = i + 44. What is the units digit of p?
5
Let j(p) = 11*p - 20. Suppose 5*c - 3*y = -35, -5*c + y - 27 - 8 = 0. Let g be (-2)/(5 - 9/3)*c. What is the tens digit of j(g)?
5
Let u be 3 - (-76)/(-28) - 61/(-7). Suppose u*b = -b + 950. Let l = -46 + b. What is the units digit of l?
9
Let y(b) = -9*b - 8*b**2 - 14 + 10*b**3 + 9 - 1 - 3. What is the hundreds digit of y(5)?
9
Let y = -207 - -148. Let m = -56 - y. Suppose -5*j + 191 = 4*k, 0 = -m*k - 2*j + 63 + 82. What is the units digit of k?
9
Let j be (-42)/(-5) + 16/40*-1. Suppose j*d - 3353 = 799. What is the tens digit of d?
1
Let h = -950 - -976. Let q(s) = -s**3 + 23*s**2 + 114*s + 25. What is the tens digit of q(h)?
6
Let f(b) be the second derivative of b**5/20 + b**4/6 - 5*b**3/3 + 4*b**2 + 16*b. Let v be f(-6). Let m = 288 + v. What is the hundreds digit of m?
2
Suppose -4*q = t - 18127, -4*t + 43615 = -2*q - 28803. What is the units digit of t?
7
Let n(m) = -12*m + 15. Let j be n(-4). Let w = 1422 - j. What is the tens digit of w?
5
Let z(i) = i - 1. Let q be z(1). Let g(t) = 9*t + 454. Let l be g(-50). Suppose q = -m - m + l*x + 272, -x = 4. What is the units digit of m?
8
Let n(k) = k**3 + 7*k**2 - k + 1. Let l be n(-7). Suppose -l*p = -40 - 0. Let d(y) = -y**3 + 4*y**2 + 7*y - 6. What is the units digit of d(p)?
4
Suppose -h = -u - 688, -h + 5*u + 427 = -273. Let m = -4209 + 4